at are the prime factors of d?
71
Let b(z) = -z**2 + 9*z + 7. Let g be b(6). Suppose -25 = t - 0*i + 4*i, 5*i = -g. Let a(n) = n**3 + 7*n**2 + 6*n + 6. List the prime factors of a(t).
2, 13
Let j = 2561 + 1415. What are the prime factors of j?
2, 7, 71
List the prime factors of (-7518)/(-34) + 4/(-34).
13, 17
Let i = 15 - 16. Let z be 1/(-3) - (-3)/9. What are the prime factors of 2 + z - (-19 - i)?
2, 5
Suppose a = -4*h + 1483, -a + 4*h + 444 = -1047. What are the prime factors of a?
1487
Suppose -k + 22*v + 3987 = 24*v, -5*k + v + 19891 = 0. List the prime factors of k.
23, 173
Let v = 1262 + 483. What are the prime factors of v?
5, 349
Let x(m) = -m**3 - 4*m**2 - m - 2. Let d = -11 - -7. Let b be x(d). What are the prime factors of (b + (-132)/16)*-4?
5
List the prime factors of ((-847)/(-14))/((-1)/(-4)).
2, 11
Suppose -l - 10 - 25 = 0. Let y = l + 53. Suppose 2*t - y = -5*w + 108, -82 = -3*w + 2*t. What are the prime factors of w?
2, 13
Suppose -3*k + 1649 = 2*a - 809, 3*k - 2459 = -a. What are the prime factors of k?
2, 5, 41
Let r = 75 + 95. Let g = r + -86. List the prime factors of (-1 - 1)/((-8)/g).
3, 7
Let c = -802 + 3647. List the prime factors of c.
5, 569
Let z = 10 + -9. Let q be (-3)/(4/(-4)*z). Suppose 0 = q*d - 19 - 56. List the prime factors of d.
5
Suppose -9915 = -19*j - 2201. List the prime factors of j.
2, 7, 29
Suppose 333 - 24588 = -21*p. List the prime factors of p.
3, 5, 7, 11
Let z be (-8 + -147)*-2*2/10. List the prime factors of (-1 - -5 - 7/2)*z.
31
Suppose 3*v - 5*v + 294 = 3*q, v = -3. Let z = 146 - q. Suppose -2*n + z = 18. List the prime factors of n.
2, 7
Let u(l) = l**3 + 11*l**2 + 7*l + 12. Let o be u(-9). Let g = o + -31. List the prime factors of g.
2, 5
Let f(k) = 345*k - 580. List the prime factors of f(12).
2, 5, 89
Suppose 0 = l + 4*u + 3, 2*u = -3*l - 45 - 4. What are the prime factors of (l/2)/((-7)/28)?
2, 19
Let m = 81 + 135. List the prime factors of m.
2, 3
Let l(m) = 559*m - 79. What are the prime factors of l(2)?
1039
Suppose 4662 + 3500 = 7*w. List the prime factors of w.
2, 11, 53
What are the prime factors of 5/1 - 1*-254?
7, 37
Let a be 70/15*90/21. Let z be (1*-3)/(a + -21). Suppose 0*p = 3*v - 2*p - 50, z*p = -v + 2. List the prime factors of v.
2, 7
What are the prime factors of (-79)/((-313)/186 - (-45)/27)?
2, 31, 79
Let i(n) = -n + 8 - n - 7*n + n + 9*n. Let x be (3/(-4))/((-1)/16). What are the prime factors of i(x)?
2, 5
Suppose 14796 = -109*b + 118*b. What are the prime factors of b?
2, 3, 137
Let j = 0 + 3. Suppose -7*l = -j*l - 156. Let o = -14 + l. List the prime factors of o.
5
Let z(i) = i**2 + 3*i + 22. Let r be z(10). Suppose 4*s = r + 36. What are the prime factors of s?
47
Let z(h) = 2*h + 12. Let k(l) = -3*l - 11. Let j(c) = 3*k(c) + 4*z(c). Suppose -7 = 5*u - 52. What are the prime factors of j(u)?
2, 3
What are the prime factors of -6 - (-53 + -3)/2?
2, 11
Let x(w) = w**2 + 5*w - 12. Let b be x(-7). Suppose -101 - 59 = -b*j. List the prime factors of j.
2, 5
Suppose -2*y = 3*w - 23, -3*w - 5*y = 2*w - 40. Suppose -3*t = -w*t + 8. Suppose -2*h + 10 = x, 0 = -2*x - t*x - h + 33. List the prime factors of x.
2
Let o = 1654 - 824. List the prime factors of o.
2, 5, 83
Let v = 62 + -60. List the prime factors of v + (-1)/(-4) + 1708/16.
109
List the prime factors of (-90)/((-26)/(-143)*3/(-21)).
3, 5, 7, 11
Let a = 306 - 119. What are the prime factors of a?
11, 17
Suppose 5 = -l + 3*m - 1, -4*l - 2*m + 4 = 0. Let c be 3/7 - 75/(-21). Let p = c + l. List the prime factors of p.
2
Let j(v) = -v**2 - 9*v + 12. Let k be j(-9). List the prime factors of (2 - k/9) + 241/3.
3
Let b be (-1)/((-3)/4)*6. Suppose -5*s + 8*s - 4*d - 46 = 0, 3*d = -s + 24. Suppose 0 = -b*x + 114 - s. What are the prime factors of x?
2, 3
Suppose -8*r = -0*r + 24. List the prime factors of (-541)/r + ((-48)/9 - -5).
2, 3, 5
Let v(u) = 5*u - 8. Let x(s) = 5*s - 8. Let n(l) = -3*v(l) + 2*x(l). What are the prime factors of n(-10)?
2, 29
What are the prime factors of (-4526)/(-10) + ((-518)/(-70) - 7)?
3, 151
Suppose 2*w - 20 = -0*w. Let s(n) = -n**3 + 9*n**2 - 5*n - 11. Let m be s(8). Let c = m - w. What are the prime factors of c?
3
Suppose -g - 4*i + 3 = 9, -4*i - 12 = 0. List the prime factors of (112/(-6))/(g/(-63)).
2, 7
Let t(j) = 12*j**2 - 44*j - 10. List the prime factors of t(17).
2, 5, 271
Let h be (198 - (2 - 0)) + 0. Suppose h = -17*x + 18*x. What are the prime factors of x?
2, 7
Let g(z) = -2*z**3 + 22*z**2 + 13*z - 37. List the prime factors of g(11).
2, 53
Let g(x) = 3*x - 3. Let d(m) = 11*m - 9. Let a(l) = 2*d(l) - 7*g(l). Let q = -16 - -22. List the prime factors of a(q).
3
Let o(c) = -c**3 - 10*c**2 - 10*c + 1. Suppose 11 = -2*x + x + t, -2*x - 2*t - 18 = 0. List the prime factors of o(x).
101
Suppose 3*h + 129 = 2*n + 4*h, -4*h - 288 = -4*n. Let w = n - 34. What are the prime factors of w?
3, 11
Let y = 791 - -57. List the prime factors of y.
2, 53
List the prime factors of (-124)/155 - 76887/(-15).
5, 41
Suppose 3*i + 4*z = 17, 4*z = -0 + 8. Suppose i*p = 243 + 264. What are the prime factors of p?
13
Let y(m) = -m**3 - 5*m**2 + 9*m + 5. Suppose -3*v + 2*v = -24. Suppose -j - 2*j - q = v, 5 = -2*j + 3*q. What are the prime factors of y(j)?
2, 5
Suppose 0 = -3*h - f + 5, 4*h - 1 + 6 = f. List the prime factors of (28/(-7))/(-1 + h).
2
Suppose 0 = 3*v - 4*i + 323, -5*v + 2*i + 50 = 565. Let a = -35 - v. What are the prime factors of a?
2, 3, 11
Let l be (-18)/12 + 2 + 6/(-4). Let f(n) = -85*n**3 + 4*n + 3. List the prime factors of f(l).
2, 3, 7
Suppose 0 = -6*h + 2*h + 8. Suppose 0 = -2*k - r + 350, 0 = -h*k - 2*r - 3*r + 358. List the prime factors of k.
2, 3, 29
Let l(k) be the first derivative of k**4/4 + 7*k**3/3 + 5*k**2/2 + 3*k + 1. Let g = 544 + -548. List the prime factors of l(g).
31
Let a = 287 - 631. Let q = -72 - a. What are the prime factors of q?
2, 17
Suppose 2*h = d + 94, -d - 2*h = -6*d - 510. What are the prime factors of -5 + 3 + (-5 - d)?
97
Suppose 5*y = 4*q - 3026, 0 = 2*q + 2*q + 5*y - 3006. What are the prime factors of q?
2, 13, 29
Let r(w) = -478*w - 197. What are the prime factors of r(-2)?
3, 11, 23
Let u(p) = -p**3 + 19*p**2 - 18*p + 37. Let q be u(16). Suppose -6*i + q + 5 = 0. List the prime factors of i.
3, 29
Let u be (-4)/(-2) + (-2 - -1). Suppose -5*k - 4*v = 15, -4*v - 21 = -2*k + u. Suppose k = -4*n + 9. List the prime factors of n.
2
Let i(p) = -3*p - 16. Let z be i(-7). Suppose -5*t - u - 1449 = 0, 0 = -0*t - 4*t - z*u - 1155. What are the prime factors of t/(-26) + 20/(-130)?
11
Suppose 5*n = -3*v + 6 + 4, 2*v = 0. Suppose 0 = 2*w - 3*w + 2. Suppose -o = w*x - 9, -n*o + 0*o + 33 = -x. List the prime factors of o.
3, 5
Suppose -8*m - r + 6188 = -4*m, -5*m + 2*r = -7748. List the prime factors of m.
2, 3, 43
Suppose -3 = -5*j + 2*j. What are the prime factors of (-2)/4*-76 + j?
3, 13
What are the prime factors of (210/(-18) + 11)/(4/(-17670))?
5, 19, 31
Let c = -30 + 30. Suppose -5*n + n + 2*l + 306 = c, 4*l = -4*n + 276. What are the prime factors of n?
2, 37
Let j = 5 - 2. Suppose -2 = -j*z + 4. What are the prime factors of z - ((2 - 0) + -2)?
2
Let k(m) = 174*m - 187. What are the prime factors of k(4)?
509
Let p(i) = -44*i**3 + 2*i + 1. Let r be p(-1). Let c = 6 + -3. Suppose 0 = -c*w + 4*z - z + 45, 3*w - r = 2*z. List the prime factors of w.
13
Suppose -15*s + 30*s - 6705 = 0. List the prime factors of s.
3, 149
Let b(i) = 64*i**2 + 5*i + 5. List the prime factors of b(5).
2, 5, 163
Let f = 785 - 471. Let z = f + -180. What are the prime factors of z?
2, 67
Let w = -586 - -1532. What are the prime factors of w?
2, 11, 43
Let g be (-18)/((-5)/(-35) + 30/(-14)). Suppose 0 = 5*s + 3*w - 91, 0 = 3*s + 4*w - 39 - g. List the prime factors of s.
2, 5
Let c(o) = 4*o - 42. Let m be c(12). Suppose -m*a + 7 = -5*a. What are the prime factors of a?
7
Suppose -4*r + 1212 = -4*a, -5*a + 260 = 2*r - 381. What are the prime factors of r?
2, 7, 11
Let w = -6 + 0. Let a be (-2)/w - (-8)/3. Suppose 0 = 5*b - a*u - u - 31, 4*b - 4*u = 28. What are the prime factors of b?
3
Let z(t) = -2*t**2 + 50*t + 59. List the prime factors of z(24).
107
Let j(v) be the second derivative of -v**5/10 - 7*v**4/12 + v**3/2 + 5*v**2 + v. Let l(d) = -6*d**2 + d. Let c be l